alculate the highest common divisor of z and y.
23
Let f = 533 - -754. What is the highest common divisor of 99 and f?
99
Let f = -1440 - -1670. Let m(d) = -5*d**2 - 42*d - 11. Let w be m(-8). What is the highest common factor of w and f?
5
Let c = 11340 + -11303. Calculate the highest common divisor of c and 22533.
37
Let h be 5/((-165)/(-204)) - 802/4411. Let s be -5*((-198)/5)/3. Calculate the greatest common divisor of h and s.
6
Let s = -1711 - -1983. Calculate the highest common divisor of 48 and s.
16
Let w be 33 - (0 - (5 + -2)). Suppose -2*k - 20*t = -22*t - 128, 0 = k + 2*t - 61. What is the greatest common divisor of w and k?
9
Let k(d) = -13*d**2 - 3*d. Let b be k(-2). Let m = b + 71. Suppose 0 = 4*a + h - 805, 3*a + h - 827 = -222. Calculate the highest common factor of a and m.
25
Suppose 4*a - 124 = -4*f, -5*f = -3*a - 100 - 79. Suppose -667*o + 145 = -665*o - 569. What is the greatest common divisor of o and f?
17
Let i = 4167 + -1359. Suppose 0 = -45*u + 18*u + i. Let q = -30 - -43. What is the greatest common divisor of u and q?
13
Let f be (-4)/2 + 3 - (-1)/1. Suppose 3*c = f*l - 5, -l = -c - 3*c. Suppose -483 = -l*z + z. Calculate the highest common factor of z and 23.
23
Let i(c) = -c**3 + 5*c**2 - 3*c - 2. Let n be i(2). Suppose -2*r - 135 = -5*r - g, n*r = 4*g + 164. What is the highest common factor of 792 and r?
44
Let t(g) = g**2 - 2*g - 12. Let r be t(-4). Suppose 0 = 6*d - r*d + 960. Let m be ((-9)/(-12))/(482/d + -3). What is the highest common divisor of m and 12?
12
Let k = -180 + 202. Suppose -270 = -25*l + k*l. What is the highest common divisor of l and 40?
10
Suppose 20*a + 2100 = -15*a. Let u = a + 71. Calculate the highest common factor of 11 and u.
11
Let r = -324 + 394. Suppose -3*b = -b + 4*u - 40, 0 = -3*b - u + r. Calculate the highest common divisor of 600 and b.
24
Let u(a) = 4*a**2 - 19*a + 7. Let d be u(9). Let h = d + -145. What is the greatest common factor of 15 and h?
15
Suppose -18*j = -51*j + 5312 - 956. Calculate the highest common divisor of 726 and j.
66
Let s(j) = 19*j - 2 + 12 + 0 + 5*j. Let n be s(-4). Let h = n + 174. Calculate the highest common factor of h and 8.
8
Let i be (-4)/(-16) - -254*26/16. Suppose 11*w - i = 577. Let s = w + 45. What is the greatest common factor of 15 and s?
15
Suppose 0 = -3*z + 10 + 98. Let o = 877 + -873. Suppose -4*b - w = 3*w - 384, -3*w + 384 = o*b. Calculate the greatest common divisor of z and b.
12
Let f be 150/21 + (-3)/21. Let d be 0 + 2646/f - 1. Calculate the greatest common factor of d and 29.
29
Suppose -15*p = -1952 + 737. Suppose 2*x - 127 - 273 = 0. Suppose 7*z + p = x. Calculate the highest common factor of 119 and z.
17
Let d be -51 + 9/(-3) + -2 + 1. Let w = d - -70. Calculate the highest common factor of 960 and w.
15
Let y = -8160 + 8860. What is the highest common factor of y and 2240?
140
Let z = -14 + 124. Let h = 6774 + -6744. What is the highest common factor of z and h?
10
Suppose 0 = 4*h + 2*c + 110, -5*c = -7*c + 10. Let d = h - -86. What is the greatest common divisor of d and 8?
8
Let x = 70 - 65. Let k be 65 + 2 - x/1. Let r = 65 - k. What is the greatest common factor of r and 75?
3
Let f be 83688/748 + ((-2)/272 - 1/(-8)). Let o be 96/(-10)*20/(-6). What is the highest common factor of f and o?
16
Let p be -1 + 1/(2/236). Suppose 46*r = 179 + 5. Suppose -r*c + s = -54, c - 16*s = -13*s + 19. What is the greatest common divisor of c and p?
13
Let q(a) = 95*a**2 + 176*a + 50. Let p be q(-10). What is the highest common factor of 190 and p?
190
Suppose 0 = -2*t - 17*s + 12*s + 579, -4*t + 1165 = 3*s. Let n = -226 + t. What is the greatest common factor of 77 and n?
11
Let y be ((-33)/(-99))/((-2)/102). Let l = y - -49. Calculate the highest common divisor of l and 112.
16
Suppose -4*j + 960 = j. Let c = -1181 + 808. Let m = c - -397. What is the highest common divisor of m and j?
24
Let w be (-4)/(((-3)/(-2))/(-3)). Let p(y) = 17*y - 726. Let s be p(46). What is the greatest common factor of w and s?
8
Let d be -24*2/(4/(-2)). Let s be 5/30 + 572/d. Let r be (s - 0) + -4 - 4. What is the greatest common divisor of r and 24?
8
Let a(i) = 4*i + 0*i**2 + 10*i - 9 + 2*i**2. Let p(c) = -7*c**2 + 145*c + 34. Let y be p(21). Let q be a(y). Calculate the greatest common factor of q and 35.
7
Suppose 4*x + 5*p - 75 = 0, -51*x + 49*x + 39 = p. Suppose -2*d - 15 + 1 = -2*g, 0 = 3*g + 2*d - 11. Calculate the highest common factor of g and x.
5
Let d be 61/9 - 8/(-36). Suppose -52 = -d*o + 5*o. Suppose 0*f - 2*n + 1150 = 4*f, 0 = -f + 5*n + 271. What is the highest common divisor of f and o?
26
Let l(s) = -3*s**3 - 11*s**2 - 16*s - 63. Let y = -86 - -81. Let j be l(y). What is the greatest common factor of j and 18?
9
Let v(x) = 2*x**3 + 9*x**2 - 4*x - 16. Let a be v(4). What is the highest common divisor of 384 and a?
48
Suppose 21*j = 91*j - 100450. What is the highest common divisor of j and 70?
35
Let m be -1 + 5 + -38 + -3. Let h = 42 + m. Suppose -5*x + 4*a + 552 = 0, -x - 2*x = -h*a - 326. Calculate the greatest common divisor of 28 and x.
28
Let o = 7426 - 7342. Calculate the highest common factor of o and 1212.
12
Let m(j) = j**3 - j**2 - 10*j. Let p be m(5). Suppose 4*f - 2*z = 59 - 9, 2*f = -4*z. What is the highest common divisor of p and f?
10
Let i = -295 - -153. Let a = i - -148. Suppose 29 = a*t - 103. Calculate the highest common factor of 154 and t.
22
Let c = 723 - 618. Let h = c + 77. Calculate the greatest common factor of h and 78.
26
Suppose -2*g + 5*n = -238, -5*n + 2*n = 2*g - 222. Let o = -50 + g. What is the greatest common divisor of o and 160?
32
Let l be (16 - -4)*(-3 + (-34)/(-8)). Let a = 420 + -220. What is the greatest common divisor of a and l?
25
Suppose 4600 = 9*x + 4420. Let w(k) = k**2 - 3*k - 3. Let o be w(3). Let v be (-46 + (o - -1))*(-25)/x. What is the highest common factor of v and 24?
12
Let r(n) = -n**2 + 17*n - 5. Let j be ((-23)/(184/(-48)))/((-6)/(-10)). Let p be r(j). What is the highest common divisor of 39 and p?
13
Let p be -22 - (-4 + (-3)/(-3)). Let n = p - -18. Let b(a) = -78*a**3 + a**2 + 2*a + 1. Let x be b(n). What is the greatest common factor of 26 and x?
26
Let n = -15380 - -15388. Let o be (-3284)/(-10) - (-8)/(-20). What is the greatest common factor of o and n?
8
Suppose 3 = -47*m + 46*m. Let o(h) = -104*h - 12. Let l be o(m). Suppose 4*d = -2*d + l. Calculate the highest common factor of 25 and d.
25
Let x be (10/(-8))/(8 + (-264)/32). Suppose 17 = 6*q + x. Calculate the greatest common factor of q and 22.
2
Let j = 614 + -524. Suppose -j + 13532 = 47*y. Calculate the greatest common factor of 26 and y.
26
Let a(b) = -b + 15. Let o be a(12). Suppose o*d + 324 = 4*v, 3*d - 34 + 124 = v. Calculate the greatest common divisor of v and 975.
39
Suppose 1974 = 3*i + 3*i. Suppose 44 - i = -15*c. Suppose 8*h + a = 3*h + 284, h - 52 = -5*a. Calculate the highest common factor of c and h.
19
Let z = 21 - 3. Suppose -z = -6*a + 18. Suppose 3*o - 25 = h - 2*h, -3*o - 5*h + 5 = 0. What is the greatest common factor of o and a?
2
Let y(t) = -2*t**2 - 29*t - 6. Let p be y(-6). Suppose 2 - 8 = -3*x. Let q be x/(-4*(-3)/144). What is the greatest common factor of q and p?
24
Let p = 18 + -18. Suppose p = -9*s + 11*s - 12. Suppose -1217 = -s*v + 1159. Calculate the highest common divisor of 44 and v.
44
Suppose -19*t - 90 = -29*t. Let b be (-528)/(-1)*(-8)/(-108)*t. Calculate the greatest common factor of 22 and b.
22
Suppose -16*o = -32*o - 39984. Let j be (18/(-63))/(9/o)*6. What is the greatest common factor of j and 68?
68
Let x = -22 + 23. Suppose -p = -4*b + 9, -p + x = -b + 2*b. Let z be (-10)/(-4)*(0 + (4 - b)). Calculate the greatest common divisor of z and 30.
5
Let j(z) = 132*z**2 - 3*z + 2. Let b be j(1). Suppose -2754 = 122*k - b*k. Calculate the greatest common divisor of 18 and k.
18
Let c = -417 + 422. Suppose 0 = 5*x - c*z - 65, 4*x - 5*z + 16 - 72 = 0. Calculate the highest common divisor of 369 and x.
9
Let w be (-3)/(-4) + (-9420)/(-240). What is the highest common factor of w and 1280?
40
Suppose -2*y = -7*y + 1500. Suppose n - 7*n = -y. Suppose 0 = 3*x - 412 - n. Calculate the highest common divisor of 22 and x.
22
Let q = 208 + -410. Let h = 627 + q. What is the